{"id":17324,"date":"2021-05-10T12:55:31","date_gmt":"2021-05-10T16:55:31","guid":{"rendered":"https:\/\/nergica.com\/publication\/nergica-aqper-semaine-economie-verte\/"},"modified":"2026-06-19T14:12:31","modified_gmt":"2026-06-19T18:12:31","slug":"nergica-aqper-semaine-economie-verte","status":"publish","type":"publication","link":"https:\/\/nergica.com\/en\/publication\/nergica-aqper-semaine-economie-verte\/","title":{"rendered":"Nergica participe \u00e0 la Semaine de l&rsquo;\u00e9conomie verte"},"content":{"rendered":"<p>Nergica and the Quebec Association for Renewable Energy Production (AQPER) will present their vision of the role of solar photovoltaic energy in Quebec\u2019s energy transition as part of Green Economy Week, which takes place May 17\u201321.<\/p>\n<p>Launched by \u00c9cotech Qu\u00e9bec in 2021,<em>Green Economy Week<\/em>\u00a0is positioning itself as a must-attend annual event aimed at accelerating the positive transformation of the economy through innovation.<\/p>\n<p>The<em>Green Economy Week<\/em>is a unique and inclusive initiative that brings together the activities of a wide range of organizations committed to accelerating the transformation of Quebec\u2019s economy to make it more resilient, combat climate change more effectively, reduce its environmental footprint, and protect natural resources.<\/p>\n<p><strong>Thursday, May 20, at 15 h<\/strong>, our colleague Karim Belmokhtar and AQPER CEO Gabriel Durany will shed light on the potential of solar photovoltaic energy in Quebec. How can this energy source contribute to Quebec\u2019s energy and economic development? What are the challenges and opportunities associated with the expansion of Quebec\u2019s solar PV sector?<\/p>\n<p>To address these questions, AQPER will first present its 2030 roadmap for solar PV, and Nergica will share the key findings, conclusions, and recommendations from its study, \u201cSolar PV in Quebec\u2019s Energy Mix: Analysis and Outlook.\u201d<\/p>\n<p><strong>On the agenda:<\/strong><\/p>\n<ul>\n<li><strong>Presentation of AQPER's solar photovoltaic roadmap<\/strong> by Gabriel Durany, President and CEO, Quebec Renewable Energy Production Association (AQPER)  (15 minutes)<\/li>\n<li><strong>Presentation of the Nergica study \"L'\u00e9nergie solaire PV dans le mix \u00e9nerg\u00e9tique qu\u00e9b\u00e9cois - Analyse et perspectives\"<\/strong> by Karim Belmokhtar, Senior Project Manager, Research and Innovation, Nergica (20 minutes)<\/li>\n<li><strong>Question Period<\/strong> (25 minutes)<\/li>\n<\/ul>\n","protected":false},"featured_media":17321,"template":"","meta":{"_acf_changed":false,"_seopress_titles_title":"","_seopress_titles_desc":"","_seopress_robots_index":"","_seopress_robots_follow":"","_seopress_robots_imageindex":"","_seopress_robots_snippet":"","_seopress_robots_primary_cat":"","_seopress_robots_breadcrumbs":"","_seopress_robots_freeze_modified_date":"","_seopress_robots_custom_modified_date":"","_seopress_robots_canonical":"","_seopress_social_fb_title":"","_seopress_social_fb_desc":"","_seopress_social_fb_img":"","_seopress_social_fb_img_attachment_id":0,"_seopress_social_fb_img_width":0,"_seopress_social_fb_img_height":0,"_seopress_social_twitter_title":"","_seopress_social_twitter_desc":"","_seopress_social_twitter_img":"","_seopress_social_twitter_img_attachment_id":0,"_seopress_social_twitter_img_width":0,"_seopress_social_twitter_img_height":0,"_seopress_redirections_value":"","_seopress_redirections_enabled":"","_seopress_redirections_enabled_regex":"","_seopress_redirections_logged_status":"","_seopress_redirections_param":"","_seopress_redirections_type":0,"_seopress_analysis_target_kw":"","_seopress_news_disabled":"","_seopress_video_disabled":"","_seopress_video":[],"_seopress_pro_schemas_manual":[],"_seopress_pro_rich_snippets_disable_all":"","_seopress_pro_rich_snippets_disable":[],"_seopress_pro_schemas":[],"inline_featured_image":false},"secteur-dexpertise":[],"type-de-client":[],"type-de-publication":[],"class_list":["post-17324","publication","type-publication","status-publish","has-post-thumbnail"],"acf":[],"_links":{"self":[{"href":"https:\/\/nergica.com\/en\/wp-json\/wp\/v2\/publication\/17324","targetHints":{"allow":["GET"]}}],"collection":[{"href":"https:\/\/nergica.com\/en\/wp-json\/wp\/v2\/publication"}],"about":[{"href":"https:\/\/nergica.com\/en\/wp-json\/wp\/v2\/types\/publication"}],"wp:featuredmedia":[{"embeddable":true,"href":"https:\/\/nergica.com\/en\/wp-json\/wp\/v2\/media\/17321"}],"wp:attachment":[{"href":"https:\/\/nergica.com\/en\/wp-json\/wp\/v2\/media?parent=17324"}],"wp:term":[{"taxonomy":"secteur-dexpertise","embeddable":true,"href":"https:\/\/nergica.com\/en\/wp-json\/wp\/v2\/secteur-dexpertise?post=17324"},{"taxonomy":"type-de-client","embeddable":true,"href":"https:\/\/nergica.com\/en\/wp-json\/wp\/v2\/type-de-client?post=17324"},{"taxonomy":"type-de-publication","embeddable":true,"href":"https:\/\/nergica.com\/en\/wp-json\/wp\/v2\/type-de-publication?post=17324"}],"curies":[{"name":"wp","href":"https:\/\/api.w.org\/{rel}","templated":true}]}}

Nergica participe à la Semaine de l&rsquo;économie verte

<p>Nergica and the Quebec Association for Renewable Energy Production (AQPER) will present their vision of the role of solar photovoltaic energy in Quebec’s energy transition as part of Green Economy Week, which takes place May 17–21.</p>
<p>Launched by Écotech Québec in 2021,<em>Green Economy Week</em> is positioning itself as a must-attend annual event aimed at accelerating the positive transformation of the economy through innovation.</p>
<p>The<em>Green Economy Week</em>is a unique and inclusive initiative that brings together the activities of a wide range of organizations committed to accelerating the transformation of Quebec’s economy to make it more resilient, combat climate change more effectively, reduce its environmental footprint, and protect natural resources.</p>
<p><strong>Thursday, May 20, at 15 h</strong>, our colleague Karim Belmokhtar and AQPER CEO Gabriel Durany will shed light on the potential of solar photovoltaic energy in Quebec. How can this energy source contribute to Quebec’s energy and economic development? What are the challenges and opportunities associated with the expansion of Quebec’s solar PV sector?</p>
<p>To address these questions, AQPER will first present its 2030 roadmap for solar PV, and Nergica will share the key findings, conclusions, and recommendations from its study, “Solar PV in Quebec’s Energy Mix: Analysis and Outlook.”</p>
<p><strong>On the agenda:</strong></p>
<ul>
<li><strong>Presentation of AQPER's solar photovoltaic roadmap</strong> by Gabriel Durany, President and CEO, Quebec Renewable Energy Production Association (AQPER)  (15 minutes)</li>
<li><strong>Presentation of the Nergica study "L'énergie solaire PV dans le mix énergétique québécois - Analyse et perspectives"</strong> by Karim Belmokhtar, Senior Project Manager, Research and Innovation, Nergica (20 minutes)</li>
<li><strong>Question Period</strong> (25 minutes)</li>
</ul>
